e the prime factors of 7/((-7)/m) + 4 - -113?
5, 23
Let v(k) = -258*k**3 - 2*k**2 - 3*k. Let s = -133 - -132. What are the prime factors of v(s)?
7, 37
Let u = 520 + -340. Suppose 0 = -5*q + 9*q - u. Suppose -q*n + 43*n = -256. What are the prime factors of n?
2
Suppose -86738 - 82354 = -22*y. What are the prime factors of y?
2, 3, 7, 61
Suppose 0*u + 70 = 14*u. Suppose 0 = u*i + n - 96, -2*n = i + 3*i - 78. Suppose t + a - 109 = -i, 3*a = -4*t + 363. List the prime factors of t.
3, 31
What are the prime factors of 48997 + ((-2)/4)/(-14*14/(-784))?
5, 41, 239
Suppose 0 = 3*j - m - 11, j = -3*m + 2 + 15. Suppose 2*x + j*d - d = 1288, -5*d = 4*x - 2570. What are the prime factors of x?
2, 5
What are the prime factors of 12 - 26*7088/(-32)?
29, 199
Let p = -3 - -15. Let c(u) = 3*u**2 + 7*u - 78. List the prime factors of c(p).
2, 3, 73
List the prime factors of ((-4440816)/128)/(45/(-30)) + 3/4.
2, 3, 5, 257
Let w = 7011 + -3195. What are the prime factors of w?
2, 3, 53
Suppose 7*d + 7 = 0, -15*d + 300022 = 5*p - 12*d. What are the prime factors of p?
5, 11, 1091
Suppose 0 = -2*m + 2490 + 8042. List the prime factors of m.
2, 2633
Let k(f) = -f**3 - 14*f**2 + 23*f - 562. What are the prime factors of k(-34)?
2, 1361
Suppose 6 = 4*y + 3*a - 8, 0 = 4*y - 4*a. Suppose y*z - 1211 = 47. List the prime factors of z.
17, 37
Let i(v) = -611*v**2 - 2*v + 3. Let q be i(-4). Let t be q/(-84) + 3/4. Suppose 4*l - t = l. List the prime factors of l.
3, 13
Let g = -53 - -65. Suppose 0 = -0*z + 3*z + g. What are the prime factors of 27 + 2/z + (-5)/2?
2, 3
Let k = 103511 - 49424. What are the prime factors of k?
3, 11, 149
Suppose 0 = -3*y - 0*y + 18. Let c = -28 + y. List the prime factors of -1*(-3 + 3 + c).
2, 11
Let p = -251 + 688. Let a = p + -18. What are the prime factors of a?
419
Let s = -1429 - -5791. What are the prime factors of s?
2, 3, 727
Let h(i) = 79*i + 250. Let r be h(7). Let u = r + -135. List the prime factors of u.
2, 167
Let d(c) = c**2 - 14*c + 29. Suppose 10*x = -30 + 220. List the prime factors of d(x).
2, 31
List the prime factors of (-18131)/((-2)/7*-7*6/(-12)).
18131
Let k(n) = -n**2 + 17. Let b be k(5). List the prime factors of -2 + (-498)/b*(-3 - -11).
2, 31
Let a = 11123 - 4856. What are the prime factors of a?
3, 2089
Let g = 36175 - 12647. What are the prime factors of g?
2, 17, 173
Let q(b) = b**3 + 11*b**2 + 6*b - 13. Suppose -105 = -3*p + 51. Suppose 0 = m - 46 + p. What are the prime factors of q(m)?
131
Let d(y) = -68*y**2 + 72*y**2 - 1 - 4*y - 3*y**3 - 6 - 2. What are the prime factors of d(-3)?
2, 3, 5
List the prime factors of ((-76373)/(-33) - -13)/((-3)/(-9)).
2, 3491
Let r(v) = 19*v**2 - 10*v - 29. Let l(n) = -n + 2. Let t(s) = 6*l(s) + r(s). List the prime factors of t(-5).
2, 269
Suppose 111 = 28*g - 1. Suppose -s + 40 = g*s. What are the prime factors of s?
2
Suppose -11*p + 18 = -26. Suppose -4*j - p = 5*w + 1, 2 = 4*j - 2*w. Suppose j = 2*n - 5*g - 291, -n + 3*g = 7*g - 165. What are the prime factors of n?
3, 17
Let s(l) = -71*l + 28. Let b be s(-2). Let p = b + -82. What are the prime factors of p?
2, 11
Let m(s) = 17*s - 136. Let n be m(8). Suppose n = -c, -5*c + 9*c + 606 = 3*h. What are the prime factors of h?
2, 101
Suppose 34*r + 309657 = -4*n + 954897, 0 = 5*r + 2*n - 94884. List the prime factors of r.
2, 3, 3163
Let k(h) = h**3 + 3*h**2 + 21*h - 3. Let s be k(-4). Let r = s - -995. What are the prime factors of r?
2, 223
List the prime factors of ((-142923)/(-66) - -23)*(3*1 - 1).
3, 1459
Let q(d) = -2*d**2 - 47*d + 58. Let p be q(-26). What are the prime factors of (-8223)/(-18) - (-60)/p?
2, 3, 19
Suppose 145*c = 119*c + 668304. List the prime factors of c.
2, 3, 7, 17
Let u be ((-4)/8)/(4/(-816)*-2). Let b = u - -327. What are the prime factors of b?
2, 3, 23
Let r(k) = -10*k - 34 - 15*k - 3*k. Suppose 156 + 214 = -74*u. List the prime factors of r(u).
2, 53
Suppose -5*h + 556 = -7*h. Let w = h - -566. What are the prime factors of w?
2, 3
Let i = -467 - -466. Let o(h) = -234*h**3 - h**2 - h - 2. List the prime factors of o(i).
2, 29
Let n(t) = 15*t - 354. Let l be n(24). What are the prime factors of (1/((-24)/13432))/((-2)/l)?
23, 73
Suppose 0 = 3*p - 2*c + 2147 - 11855, 0 = 4*p + c - 12955. List the prime factors of p.
2, 1619
Let s(x) = -x**3 + 8*x**2 + 7*x - 10. Let k be s(9). Let w = 36 + k. What are the prime factors of 17/(-3)*(-72)/w?
3, 17
Let p(j) = -1460*j - 25. Let r be p(-6). Suppose 5*u - r = -5*f, -7*f + 10*f = u + 5261. List the prime factors of f.
2, 3, 73
Let b(z) = 211*z**2 - 4. Let q be b(2). Suppose x = 4*m - 1543, 2750 = 5*m - 5*x + q. List the prime factors of m.
3, 43
Let x(t) = -868*t - 388. What are the prime factors of x(-30)?
2, 11, 53
Suppose 11*t = 131 - 153. What are the prime factors of 1 - 1 - t - (-635 + 3)?
2, 317
Let k be (1 - 0)*-1 - (106 + -141). Let p(c) = 12*c + 93. List the prime factors of p(k).
3, 167
Let s(w) = 35*w**3 - 2*w**2 + w + 6. Let v be s(2). Suppose 0 = -4*p + x - 1643, 5*x - 1935 = 4*p - v. Let n = p + 579. What are the prime factors of n?
13
Let q = 226015 + -159745. List the prime factors of q.
2, 3, 5, 47
Let z be 1 - ((54/(-3))/3 + 2). Suppose 0 = -z*j + 3*s + 2203, -4*j + s + 2426 = 665. What are the prime factors of j?
2, 5, 11
Let w be (-3 + (-1451)/4)*(-7 + 3). Suppose -3*b - 26 = -n, 4*b + 0*b + 16 = 0. Suppose -w = 7*k - n*k. What are the prime factors of k?
11, 19
Suppose -9*b + 20 = -7*b. Suppose b*u - 21630 = -20*u. List the prime factors of u.
7, 103
Let q be (17 - 7)/(-1 - (-396)/392). Suppose -5*r + 9*r = -3*k + q, 2*k = -4*r + 648. List the prime factors of k.
2, 83
Suppose -25858 = -c + 2*v - 1594, 0 = -v + 7. What are the prime factors of c?
2, 61, 199
Suppose 2*l + 1373 + 8675 = 3*z, -4*l + 6688 = 2*z. What are the prime factors of z?
2, 3, 31
Suppose a + 470 = 5*k, 0 = -k - 2*a + a + 88. Let n(t) = 67*t + 740. Let i be n(-10). Let o = i + k. What are the prime factors of o?
163
Let v(y) = y + 10. Let q be v(-6). Suppose 2 + 10 = q*x. Suppose 0 = x*h + d - 223, -6*d = -2*h - d + 160. What are the prime factors of h?
3, 5
Let k = 28066 + -11740. What are the prime factors of k?
2, 3, 907
Let u = 7 - 4. Let g(z) be the first derivative of 3*z**2 - z - 283. What are the prime factors of g(u)?
17
Let d = -17 + 20. Let m be (-8)/(((-6)/d)/4). Suppose 0 = m*f - 11*f - 505. List the prime factors of f.
101
Suppose 0 = 2*s - 4*s + 5*s - 12126. List the prime factors of s.
2, 43, 47
Let p = 5 - 1. Suppose 0 = 2*b, -2*o + 4*b + 208 = -254. Suppose -p*n + o = 31. What are the prime factors of n?
2, 5
Let d(j) = -11 + j - 20 + 21. Let y be d(9). List the prime factors of 190*(-2)/(-4) - (y + 2).
2, 47
Let k = -16970 + 30062. What are the prime factors of k?
2, 3, 1091
What are the prime factors of (9055/(-2))/(4/(-144)*15)?
2, 3, 1811
Let p = -84 + 88. Let b = -24 + p. What are the prime factors of 2 - (-11 + b/5)?
17
Suppose 0 = 7*m - 2*m + 30. Let o(u) = -u**3 - 6*u**2 + 4. Let g be o(m). List the prime factors of 430/g + (-6)/4.
2, 53
What are the prime factors of 2359965/65 - 18/(-24)*(-8)/39?
36307
Suppose 3 = 4*c + 17*v - 16*v, 5*c = -4*v + 12. Suppose c = 4*x + 5*y - 2753, 2*y = -23*x + 21*x + 1378. List the prime factors of x.
2, 173
Let a(z) = -z**2 - 4*z + 6. Let r be a(-4). Suppose 16 = 2*q - r*q. What are the prime factors of (21/q - -4)*-76?
5, 19
Let w(j) = -4*j**3 - 2*j**2 - 241*j + 171. What are the prime factors of w(-22)?
3, 5233
Let r = -2646 - -5108. What are the prime factors of r?
2, 1231
Suppose -8*i - 317 + 293 = 0. Let h(v) = -29*v**3 + 7*v**2 - 4*v + 1. List the prime factors of h(i).
859
Suppose 26*n - 19*n = 42. Let s be (0/2)/(n + -5). List the prime factors of (119 - s) + (-5)/(-50)*10.
2, 3, 5
Let g be 2 + 4 + 32 + 1. Suppose 2*z + 1 + 1 = y, -2*z + 5*y = 2. What are the prime factors of z*(1 + -5 - g)?
43
Let s(m) = -5*m + 26. Let u(h) = 6*h - 26. Let l be u(7). Let d be (l/24)/(3/(-63)). List the prime factors of s(d).
2, 3
Let t be (-356298)/(-42) - 5 - (-6)/(-21). Suppose 0 = -21*r + 11430 + t. List the prime factors of r.
2, 3, 79
Suppose 5*v = 8*v + 60. Let f = 8 + -16. List the prime factors of (22/f)/(5/v).
11
Let d(k) = 6*k**2 + 78*k - 542. List the prime factors of d(59).
2, 12473
Let d be